{"id":275,"date":"2021-02-24T20:02:07","date_gmt":"2021-02-24T20:02:07","guid":{"rendered":"http:\/\/hno-paderborn.de\/?page_id=275"},"modified":"2021-02-25T07:39:08","modified_gmt":"2021-02-25T07:39:08","slug":"impressum","status":"publish","type":"page","link":"http:\/\/hno-paderborn.de\/home\/impressum\/","title":{"rendered":"IMPRESSUM"},"content":{"rendered":"\n<p>Dr. med. Ina Khartabil<br>Dr. med. Tarek Khartabil<br>Fach\u00e4rzte f\u00fcr Hals-Nasen-Ohrenheilkunde<br>Marienplatz 1<br>D- 33098 Paderborn<br>Telefon: 05251-22271<br>Fax: 05251-282 337<\/p>\n\n\n\n<p><strong>Inhaltlich Verantwortlicher:<\/strong><br>Dr. med. Ina Khartabil<br>Dr. med. Tarek Khartabil<\/p>\n\n\n\n<p><strong>Gesetzliche Berufsbezeichnung:<\/strong><br>Facharzt f\u00fcr Hals-Nasen-Ohrenheilkunde<\/p>\n\n\n\n<p><strong>Staat, in dem die Berufsbezeichnung erworben wurde:<\/strong><br>Deutschland<\/p>\n\n\n\n<p><strong>Zust\u00e4ndige \u00c4rztekammer als Aufsichtsbeh\u00f6rde:<\/strong><br>\u00c4rztekammer Westfalen &#8211; Lippe<br>Gartenstra\u00dfe 210-214<br>48147 M\u00fcnster<br>Internet: http:\/\/www.aekwl.de\u00a0<\/p>\n\n\n\n<p><strong>Zust\u00e4ndige KV:<br><\/strong>Kassen\u00e4rztliche Vereinigung Westfalen-Lippe<br>Robert-Schimrik-Str.4-6<br>44141 Dortmund<br>Internet:\u00a0http:\/\/www.kvwl.de<\/p>\n\n\n\n<p><strong>Haftungshinweis:<\/strong><br>Trotz sorgf\u00e4ltiger inhaltlicher Kontrolle \u00fcbernehmen wir keine Haftung f\u00fcr die Inhalte externer Links.<br>F\u00fcr den Inhalt der verlinkten Seiten sind ausschlie\u00dflich deren Betreiber verantwortlich.<\/p>\n","protected":false},"excerpt":{"rendered":"<p>Dr. med. Ina KhartabilDr. med. Tarek KhartabilFach\u00e4rzte f\u00fcr Hals-Nasen-OhrenheilkundeMarienplatz 1D- 33098 PaderbornTelefon: 05251-22271Fax: 05251-282 337 Inhaltlich Verantwortlicher:Dr. med. Ina KhartabilDr. med. Tarek Khartabil Gesetzliche Berufsbezeichnung:Facharzt f\u00fcr Hals-Nasen-Ohrenheilkunde Staat, in dem die Berufsbezeichnung erworben wurde:Deutschland Zust\u00e4ndige \u00c4rztekammer als Aufsichtsbeh\u00f6rde:\u00c4rztekammer Westfalen &#8211;<\/p>\n","protected":false},"author":1,"featured_media":0,"parent":0,"menu_order":0,"comment_status":"closed","ping_status":"closed","template":"","meta":{"footnotes":""},"class_list":["post-275","page","type-page","status-publish","hentry"],"_links":{"self":[{"href":"http:\/\/hno-paderborn.de\/home\/wp-json\/wp\/v2\/pages\/275","targetHints":{"allow":["GET"]}}],"collection":[{"href":"http:\/\/hno-paderborn.de\/home\/wp-json\/wp\/v2\/pages"}],"about":[{"href":"http:\/\/hno-paderborn.de\/home\/wp-json\/wp\/v2\/types\/page"}],"author":[{"embeddable":true,"href":"http:\/\/hno-paderborn.de\/home\/wp-json\/wp\/v2\/users\/1"}],"replies":[{"embeddable":true,"href":"http:\/\/hno-paderborn.de\/home\/wp-json\/wp\/v2\/comments?post=275"}],"version-history":[{"count":3,"href":"http:\/\/hno-paderborn.de\/home\/wp-json\/wp\/v2\/pages\/275\/revisions"}],"predecessor-version":[{"id":321,"href":"http:\/\/hno-paderborn.de\/home\/wp-json\/wp\/v2\/pages\/275\/revisions\/321"}],"wp:attachment":[{"href":"http:\/\/hno-paderborn.de\/home\/wp-json\/wp\/v2\/media?parent=275"}],"curies":[{"name":"wp","href":"https:\/\/api.w.org\/{rel}","templated":true}]}}

<p>Dr. med. Ina Khartabil<br>Dr. med. Tarek Khartabil<br>Fachärzte für Hals-Nasen-Ohrenheilkunde<br>Marienplatz 1<br>D- 33098 Paderborn<br>Telefon: 05251-22271<br>Fax: 05251-282 337</p>



<p><strong>Inhaltlich Verantwortlicher:</strong><br>Dr. med. Ina Khartabil<br>Dr. med. Tarek Khartabil</p>



<p><strong>Gesetzliche Berufsbezeichnung:</strong><br>Facharzt für Hals-Nasen-Ohrenheilkunde</p>



<p><strong>Staat, in dem die Berufsbezeichnung erworben wurde:</strong><br>Deutschland</p>



<p><strong>Zuständige Ärztekammer als Aufsichtsbehörde:</strong><br>Ärztekammer Westfalen &#8211; Lippe<br>Gartenstraße 210-214<br>48147 Münster<br>Internet: http://www.aekwl.de </p>



<p><strong>Zuständige KV:<br></strong>Kassenärztliche Vereinigung Westfalen-Lippe<br>Robert-Schimrik-Str.4-6<br>44141 Dortmund<br>Internet: http://www.kvwl.de</p>



<p><strong>Haftungshinweis:</strong><br>Trotz sorgfältiger inhaltlicher Kontrolle übernehmen wir keine Haftung für die Inhalte externer Links.<br>Für den Inhalt der verlinkten Seiten sind ausschließlich deren Betreiber verantwortlich.</p>

<p>Dr. med. Ina KhartabilDr. med. Tarek KhartabilFachärzte für Hals-Nasen-OhrenheilkundeMarienplatz 1D- 33098 PaderbornTelefon: 05251-22271Fax: 05251-282 337 Inhaltlich Verantwortlicher:Dr. med. Ina KhartabilDr. med. Tarek Khartabil Gesetzliche Berufsbezeichnung:Facharzt für Hals-Nasen-Ohrenheilkunde Staat, in dem die Berufsbezeichnung erworben wurde:Deutschland Zuständige Ärztekammer als Aufsichtsbehörde:Ärztekammer Westfalen &#8211;</p>
