{"id":237,"date":"2021-02-24T18:57:25","date_gmt":"2021-02-24T18:57:25","guid":{"rendered":"http:\/\/hno-paderborn.de\/?page_id=237"},"modified":"2021-06-26T10:49:33","modified_gmt":"2021-06-26T10:49:33","slug":"aerzte","status":"publish","type":"page","link":"http:\/\/hno-paderborn.de\/home\/aerzte\/","title":{"rendered":"\u00c4rzte"},"content":{"rendered":"\n<figure class=\"wp-block-table is-style-regular\">\n<p><img loading=\"lazy\" decoding=\"async\" class=\"size-full wp-image-102 alignleft\" src=\"http:\/\/hno-paderborn.de\/wp-content\/uploads\/2021\/02\/Tarek_pic-e1613906848894.jpg\" alt=\"Tarek\" width=\"250\" height=\"150\" \/><\/p>\n<p style=\"text-align: left;\"><strong>Vita Dr. med. Tarek Khartabil<\/strong><\/p>\n<ul style=\"list-style-type: square;\">\n<li style=\"text-align: left;\">1982 &#8211; Abitur am Gymnasium Theodorianum Paderborn<\/li>\n<li style=\"text-align: left;\">1982 &#8211; 1988 &#8211; Studium der Humanmedizin an der RWTH Aachen\u00a0<\/li>\n<li style=\"text-align: left;\">11\/1988 &#8211; 3. Staatsexamen\u00a0<\/li>\n<li style=\"text-align: left;\">07\/1990 &#8211; Approbation als Arzt\u00a0<\/li>\n<li style=\"text-align: left;\">08\/1993 &#8211;\u00a0 Erlangung der Bezeichnung Arzt f\u00fcr Hals- Nasen-Ohrenheilkunde \u00c4rztekammer Westfalen Lippe\u00a0<\/li>\n<li style=\"text-align: left;\">1989 &#8211; 1994 &#8211; Ausbildung und T\u00e4tigkeit als HNO-Facharzt in der HNO-Klinik in Bad Lippspringe; Leitung Prof. Dr. med. B. Maass\u00a0<\/li>\n<li style=\"text-align: left;\">01\/1996 &#8211; Promotion zum Doktor der Medizin an der RWTH Aachen\u00a0<\/li>\n<li style=\"text-align: left;\">1995 &#8211; Niederlassung als Vertragsarzt und \u00dcbernahme der HNO Praxis von Herrn Dr. med. Riyad Khartabil\u00a0<\/li>\n<li style=\"text-align: left;\">1995 &#8211; 2005 &#8211; Belegarztt\u00e4tigkeit im Br\u00fcderkrankenhaus St. Josef, PB\u00a0<\/li>\n<li style=\"text-align: left;\">Seit 10\/1995 &#8211; in einer HNO Gemeinschaftspraxis mit Dr. med. Ina Khartabil<\/li>\n<\/ul>\n<p>\u00a0<\/p>\n<\/figure>\n<p><img loading=\"lazy\" decoding=\"async\" class=\"alignleft wp-image-121\" src=\"http:\/\/hno-paderborn.de\/wp-content\/uploads\/2021\/02\/Ina_pic-e1613910374102.jpg\" alt=\"Ina\" width=\"250\" height=\"162\" \/><\/p>\n<p><strong>Vita Dr. med. Ina Khartabil<\/strong><\/p>\n<ul style=\"list-style-type: square;\">\n<li>1982 &#8211; Abitur am Stiftischen Gymnasium D\u00fcren\u00a0<\/li>\n<li>1982 &#8211; 1988 &#8211; Studium der Humanmedizin an der RWTH Aachen\u00a0<\/li>\n<li>11\/1988 &#8211; 3. Staatsexamen\u00a0<\/li>\n<li>09\/1990 &#8211; Approbation als \u00c4rztin\u00a0<\/li>\n<li>1991 &#8211; Promotion zum Doktor der Medizin an der RWTH Aachen\u00a0<\/li>\n<li>1990 &#8211; 1993 &#8211; Ausbildung und T\u00e4tigkeit als HNO-Fach\u00e4rztin in der HNO-Klinik in Bad Lippspringe; Leitung Prof. Dr. med. B. Maass\u00a0<\/li>\n<li>04\/1993 &#8211; Erlangung der Bezeichnung \u00c4rztin f\u00fcr Hals-Nasen-Ohrenheilkunde \u00c4rztekammer Westfalen Lippe\u00a0<\/li>\n<li>Seit 10\/1995 &#8211; in einer HNO Gemeinschaftspraxis mit Dr. med. Tarek Khartabil<\/li>\n<li>\u00a02012 &#8211; Erlangung der Zusatzbezeichnung Hom\u00f6opathie<\/li>\n<\/ul>\n","protected":false},"excerpt":{"rendered":"","protected":false},"author":1,"featured_media":0,"parent":0,"menu_order":0,"comment_status":"closed","ping_status":"closed","template":"","meta":{"footnotes":""},"class_list":["post-237","page","type-page","status-publish","hentry"],"_links":{"self":[{"href":"http:\/\/hno-paderborn.de\/home\/wp-json\/wp\/v2\/pages\/237","targetHints":{"allow":["GET"]}}],"collection":[{"href":"http:\/\/hno-paderborn.de\/home\/wp-json\/wp\/v2\/pages"}],"about":[{"href":"http:\/\/hno-paderborn.de\/home\/wp-json\/wp\/v2\/types\/page"}],"author":[{"embeddable":true,"href":"http:\/\/hno-paderborn.de\/home\/wp-json\/wp\/v2\/users\/1"}],"replies":[{"embeddable":true,"href":"http:\/\/hno-paderborn.de\/home\/wp-json\/wp\/v2\/comments?post=237"}],"version-history":[{"count":45,"href":"http:\/\/hno-paderborn.de\/home\/wp-json\/wp\/v2\/pages\/237\/revisions"}],"predecessor-version":[{"id":426,"href":"http:\/\/hno-paderborn.de\/home\/wp-json\/wp\/v2\/pages\/237\/revisions\/426"}],"wp:attachment":[{"href":"http:\/\/hno-paderborn.de\/home\/wp-json\/wp\/v2\/media?parent=237"}],"curies":[{"name":"wp","href":"https:\/\/api.w.org\/{rel}","templated":true}]}}

Ärzte

<figure class="wp-block-table is-style-regular">
<p><img loading="lazy" decoding="async" class="size-full wp-image-102 alignleft" src="http://hno-paderborn.de/wp-content/uploads/2021/02/Tarek_pic-e1613906848894.jpg" alt="Tarek" width="250" height="150" /></p>
<p style="text-align: left;"><strong>Vita Dr. med. Tarek Khartabil</strong></p>
<ul style="list-style-type: square;">
<li style="text-align: left;">1982 &#8211; Abitur am Gymnasium Theodorianum Paderborn</li>
<li style="text-align: left;">1982 &#8211; 1988 &#8211; Studium der Humanmedizin an der RWTH Aachen </li>
<li style="text-align: left;">11/1988 &#8211; 3. Staatsexamen </li>
<li style="text-align: left;">07/1990 &#8211; Approbation als Arzt </li>
<li style="text-align: left;">08/1993 &#8211;  Erlangung der Bezeichnung Arzt für Hals- Nasen-Ohrenheilkunde Ärztekammer Westfalen Lippe </li>
<li style="text-align: left;">1989 &#8211; 1994 &#8211; Ausbildung und Tätigkeit als HNO-Facharzt in der HNO-Klinik in Bad Lippspringe; Leitung Prof. Dr. med. B. Maass </li>
<li style="text-align: left;">01/1996 &#8211; Promotion zum Doktor der Medizin an der RWTH Aachen </li>
<li style="text-align: left;">1995 &#8211; Niederlassung als Vertragsarzt und Übernahme der HNO Praxis von Herrn Dr. med. Riyad Khartabil </li>
<li style="text-align: left;">1995 &#8211; 2005 &#8211; Belegarzttätigkeit im Brüderkrankenhaus St. Josef, PB </li>
<li style="text-align: left;">Seit 10/1995 &#8211; in einer HNO Gemeinschaftspraxis mit Dr. med. Ina Khartabil</li>
</ul>
<p> </p>
</figure>
<p><img loading="lazy" decoding="async" class="alignleft wp-image-121" src="http://hno-paderborn.de/wp-content/uploads/2021/02/Ina_pic-e1613910374102.jpg" alt="Ina" width="250" height="162" /></p>
<p><strong>Vita Dr. med. Ina Khartabil</strong></p>
<ul style="list-style-type: square;">
<li>1982 &#8211; Abitur am Stiftischen Gymnasium Düren </li>
<li>1982 &#8211; 1988 &#8211; Studium der Humanmedizin an der RWTH Aachen </li>
<li>11/1988 &#8211; 3. Staatsexamen </li>
<li>09/1990 &#8211; Approbation als Ärztin </li>
<li>1991 &#8211; Promotion zum Doktor der Medizin an der RWTH Aachen </li>
<li>1990 &#8211; 1993 &#8211; Ausbildung und Tätigkeit als HNO-Fachärztin in der HNO-Klinik in Bad Lippspringe; Leitung Prof. Dr. med. B. Maass </li>
<li>04/1993 &#8211; Erlangung der Bezeichnung Ärztin für Hals-Nasen-Ohrenheilkunde Ärztekammer Westfalen Lippe </li>
<li>Seit 10/1995 &#8211; in einer HNO Gemeinschaftspraxis mit Dr. med. Tarek Khartabil</li>
<li> 2012 &#8211; Erlangung der Zusatzbezeichnung Homöopathie</li>
</ul>
